{"id":25,"date":"2026-01-02T07:07:00","date_gmt":"2026-01-02T07:07:00","guid":{"rendered":"https:\/\/argacorp.com\/?page_id=25"},"modified":"2026-01-02T07:09:50","modified_gmt":"2026-01-02T07:09:50","slug":"ip-telephony","status":"publish","type":"page","link":"https:\/\/argacorp.com\/?page_id=25","title":{"rendered":"IP Telephony"},"content":{"rendered":"\n<p>Synway UC Series appliance<\/p>\n\n\n\n<figure class=\"wp-block-image size-medium is-style-default\"><img loading=\"lazy\" decoding=\"async\" width=\"300\" height=\"91\" src=\"https:\/\/argacorp.com\/wp-content\/uploads\/2026\/01\/Synway_UC200-300x91.png\" alt=\"\" class=\"wp-image-26\" srcset=\"https:\/\/argacorp.com\/wp-content\/uploads\/2026\/01\/Synway_UC200-300x91.png 300w, https:\/\/argacorp.com\/wp-content\/uploads\/2026\/01\/Synway_UC200-600x181.png 600w, https:\/\/argacorp.com\/wp-content\/uploads\/2026\/01\/Synway_UC200-768x232.png 768w, https:\/\/argacorp.com\/wp-content\/uploads\/2026\/01\/Synway_UC200-380x115.png 380w, https:\/\/argacorp.com\/wp-content\/uploads\/2026\/01\/Synway_UC200.png 1000w\" sizes=\"auto, (max-width: 300px) 100vw, 300px\" \/><\/figure>\n\n\n\n<p class=\"has-text-align-left\">Synway UC Series appliance, es la soluci\u00f3n de telefon\u00eda IP m\u00e1s funcional de tecnolog\u00eda moderna dise\u00f1ada para brindar comunicaciones unificadas de nivel empresarial y protecci\u00f3n de seguridad a todos los niveles de las empresas a un precio sin precedentes, sin tarifas de licencia, costo por funci\u00f3n o tarifas recurrentes. La serie UC permite a las empresas unificar m\u00faltiples tecnolog\u00edas de comunicaci\u00f3n, como voz, fax, llamadas, conferencias, centros de llamados, herramientas de datos,<br>movilidad y administraci\u00f3n de acceso a instalaciones en una red com\u00fanmente administrada o accesible.<\/p>\n\n\n\n<p>Dentro de las principales funcionalidades tenemos:<\/p>\n\n\n\n<p>Comunicaci\u00f3n corporativa:<\/p>\n\n\n\n<p>Incluye correo de voz para todos los usuarios, grabaci\u00f3n de llamadas, c\u00f3digos de autorizaci\u00f3n, m\u00faltiples IVR para grupos o<br>l\u00edneas diferentes.<\/p>\n\n\n\n<p>Funciones espec\u00edficas:<\/p>\n\n\n\n<ol class=\"wp-block-list\">\n<li>M\u00fasica en espera<\/li>\n\n\n\n<li>Grabaci\u00f3n (Por extensi\u00f3n, por troncal)<\/li>\n\n\n\n<li>Voicemail<\/li>\n\n\n\n<li>Transferencia<\/li>\n\n\n\n<li>Intercepci\u00f3n<\/li>\n\n\n\n<li>Parqueo de llamadas<\/li>\n\n\n\n<li>Reenv\u00edo de llamadas<\/li>\n\n\n\n<li>S\u00edgueme<\/li>\n\n\n\n<li>No molestar<\/li>\n\n\n\n<li>Servicio de alarma (Wake-up service)<\/li>\n\n\n\n<li>Discado R\u00e1pido<\/li>\n\n\n\n<li>Lista negra<\/li>\n\n\n\n<li>Paging<\/li>\n\n\n\n<li>Monitoreo de llamadas (Listen, Whisper, Listen local, Barge-in, Fouce Hangup, Listen Remote)<\/li>\n\n\n\n<li>CDR Web<\/li>\n<\/ol>\n","protected":false},"excerpt":{"rendered":"<p>Synway UC Series appliance Synway UC Series appliance, es la soluci\u00f3n de telefon\u00eda IP m\u00e1s funcional de tecnolog\u00eda moderna dise\u00f1ada para brindar comunicaciones unificadas de nivel empresarial y protecci\u00f3n de seguridad a todos los niveles de las empresas a un precio sin precedentes, sin tarifas de licencia, costo por funci\u00f3n o tarifas recurrentes. La serie [&hellip;]<\/p>\n","protected":false},"author":1,"featured_media":0,"parent":0,"menu_order":0,"comment_status":"closed","ping_status":"closed","template":"","meta":{"footnotes":""},"class_list":["post-25","page","type-page","status-publish","hentry"],"_links":{"self":[{"href":"https:\/\/argacorp.com\/index.php?rest_route=\/wp\/v2\/pages\/25","targetHints":{"allow":["GET"]}}],"collection":[{"href":"https:\/\/argacorp.com\/index.php?rest_route=\/wp\/v2\/pages"}],"about":[{"href":"https:\/\/argacorp.com\/index.php?rest_route=\/wp\/v2\/types\/page"}],"author":[{"embeddable":true,"href":"https:\/\/argacorp.com\/index.php?rest_route=\/wp\/v2\/users\/1"}],"replies":[{"embeddable":true,"href":"https:\/\/argacorp.com\/index.php?rest_route=%2Fwp%2Fv2%2Fcomments&post=25"}],"version-history":[{"count":3,"href":"https:\/\/argacorp.com\/index.php?rest_route=\/wp\/v2\/pages\/25\/revisions"}],"predecessor-version":[{"id":30,"href":"https:\/\/argacorp.com\/index.php?rest_route=\/wp\/v2\/pages\/25\/revisions\/30"}],"wp:attachment":[{"href":"https:\/\/argacorp.com\/index.php?rest_route=%2Fwp%2Fv2%2Fmedia&parent=25"}],"curies":[{"name":"wp","href":"https:\/\/api.w.org\/{rel}","templated":true}]}}