{"id":31,"date":"2026-01-02T07:15:02","date_gmt":"2026-01-02T07:15:02","guid":{"rendered":"https:\/\/argacorp.com\/?page_id=31"},"modified":"2026-01-02T07:16:39","modified_gmt":"2026-01-02T07:16:39","slug":"lan-switching","status":"publish","type":"page","link":"https:\/\/argacorp.com\/?page_id=31","title":{"rendered":"Lan Switching"},"content":{"rendered":"\n<figure class=\"wp-block-image size-medium\"><img loading=\"lazy\" decoding=\"async\" width=\"300\" height=\"158\" src=\"https:\/\/argacorp.com\/wp-content\/uploads\/2026\/01\/logo-Cisco-300x158.png\" alt=\"\" class=\"wp-image-35\" srcset=\"https:\/\/argacorp.com\/wp-content\/uploads\/2026\/01\/logo-Cisco-300x158.png 300w, https:\/\/argacorp.com\/wp-content\/uploads\/2026\/01\/logo-Cisco-scaled-600x316.png 600w, https:\/\/argacorp.com\/wp-content\/uploads\/2026\/01\/logo-Cisco-1024x540.png 1024w, https:\/\/argacorp.com\/wp-content\/uploads\/2026\/01\/logo-Cisco-768x405.png 768w, https:\/\/argacorp.com\/wp-content\/uploads\/2026\/01\/logo-Cisco-1536x809.png 1536w, https:\/\/argacorp.com\/wp-content\/uploads\/2026\/01\/logo-Cisco-2048x1079.png 2048w, https:\/\/argacorp.com\/wp-content\/uploads\/2026\/01\/logo-Cisco-380x200.png 380w\" sizes=\"auto, (max-width: 300px) 100vw, 300px\" \/><\/figure>\n\n\n\n<figure class=\"wp-block-image size-full\"><img loading=\"lazy\" decoding=\"async\" width=\"717\" height=\"405\" src=\"https:\/\/argacorp.com\/wp-content\/uploads\/2026\/01\/image.png\" alt=\"\" class=\"wp-image-32\" srcset=\"https:\/\/argacorp.com\/wp-content\/uploads\/2026\/01\/image.png 717w, https:\/\/argacorp.com\/wp-content\/uploads\/2026\/01\/image-600x339.png 600w, https:\/\/argacorp.com\/wp-content\/uploads\/2026\/01\/image-300x169.png 300w, https:\/\/argacorp.com\/wp-content\/uploads\/2026\/01\/image-380x215.png 380w\" sizes=\"auto, (max-width: 717px) 100vw, 717px\" \/><\/figure>\n\n\n\n<p>Cisco Systems Inc, es la compa\u00f1\u00eda mas grande del mundo, dedicada a la fabricaci\u00f3n de equipos y desarrollo de software para conectividad.<\/p>\n\n\n\n<p>Posee soluciones altamente escalables, robustas y seguras.<\/p>\n\n\n\n<p>Soluciones para empresas peque\u00f1as, medianas, grandes o proveedores de Servicio.<\/p>\n\n\n\n<p>Centro de Servicios de Cisco<\/p>\n","protected":false},"excerpt":{"rendered":"<p>Cisco Systems Inc, es la compa\u00f1\u00eda mas grande del mundo, dedicada a la fabricaci\u00f3n de equipos y desarrollo de software para conectividad. Posee soluciones altamente escalables, robustas y seguras. Soluciones para empresas peque\u00f1as, medianas, grandes o proveedores de Servicio. Centro de Servicios de Cisco<\/p>\n","protected":false},"author":1,"featured_media":0,"parent":0,"menu_order":0,"comment_status":"closed","ping_status":"closed","template":"","meta":{"footnotes":""},"class_list":["post-31","page","type-page","status-publish","hentry"],"_links":{"self":[{"href":"https:\/\/argacorp.com\/index.php?rest_route=\/wp\/v2\/pages\/31","targetHints":{"allow":["GET"]}}],"collection":[{"href":"https:\/\/argacorp.com\/index.php?rest_route=\/wp\/v2\/pages"}],"about":[{"href":"https:\/\/argacorp.com\/index.php?rest_route=\/wp\/v2\/types\/page"}],"author":[{"embeddable":true,"href":"https:\/\/argacorp.com\/index.php?rest_route=\/wp\/v2\/users\/1"}],"replies":[{"embeddable":true,"href":"https:\/\/argacorp.com\/index.php?rest_route=%2Fwp%2Fv2%2Fcomments&post=31"}],"version-history":[{"count":2,"href":"https:\/\/argacorp.com\/index.php?rest_route=\/wp\/v2\/pages\/31\/revisions"}],"predecessor-version":[{"id":36,"href":"https:\/\/argacorp.com\/index.php?rest_route=\/wp\/v2\/pages\/31\/revisions\/36"}],"wp:attachment":[{"href":"https:\/\/argacorp.com\/index.php?rest_route=%2Fwp%2Fv2%2Fmedia&parent=31"}],"curies":[{"name":"wp","href":"https:\/\/api.w.org\/{rel}","templated":true}]}}