{"id":60,"date":"2026-04-07T16:23:13","date_gmt":"2026-04-07T16:23:13","guid":{"rendered":"https:\/\/argacorp.com\/?page_id=60"},"modified":"2026-04-07T16:31:39","modified_gmt":"2026-04-07T16:31:39","slug":"control-de-acceso","status":"publish","type":"page","link":"https:\/\/argacorp.com\/?page_id=60","title":{"rendered":"Control de Acceso Biom\u00e9trico"},"content":{"rendered":"\n<p>Hoy en nuestros tiempos cada vez requerimos m\u00e1s de herramientas que nos permitan garantizar que los recursos de las empresas sean utilizados por las personas autorizadas y en los momentos en que es requerido. Comienza como una manera de control, sin embargo, permite a las personas cumplir una labor en un lugar y tiempo determinado acorde a las necesidades de la instituci\u00f3n.<\/p>\n\n\n\n<p>Tambi\u00e9n tenemos el concepto del trabajo colaborativo con pr\u00e1cticas de buenas costumbres con la libertad y confianza que las empresas tienen con sus colaboradores para el uso de sus recursos y el cuidado de ellos mismos en los ambientes de las empresas para su buena salud.<\/p>\n\n\n\n<p>Por ello, son necesarias herramientas de control de acceso que permitir\u00e1n que los colaboradores ingresen a los recursos (ambientes) de las empresas, salvaguardando a todas las personas y recursos.<\/p>\n\n\n\n<p>El control de acceso biom\u00e9trico provee la facilidad de dar o no acceso de acuerdo con ciertas condiciones que se pueden programar.<\/p>\n\n\n\n<ul class=\"wp-block-list\">\n<li>Control de acceso por reconocimiento facial.<\/li>\n\n\n\n<li>Control de acceso por palma.<\/li>\n\n\n\n<li>Control de acceso por huella.<\/li>\n\n\n\n<li>Control de acceso con tarjetas.<\/li>\n\n\n\n<li>Control de acceso con c\u00f3digo.<\/li>\n\n\n\n<li>Control de acceso con detecci\u00f3n de mascarilla (Cubre bocas)<\/li>\n\n\n\n<li>Control de acceso con control de temperatura.<\/li>\n<\/ul>\n\n\n\n<figure class=\"wp-block-image size-full\"><img loading=\"lazy\" decoding=\"async\" width=\"625\" height=\"331\" src=\"https:\/\/argacorp.com\/wp-content\/uploads\/2026\/04\/image.png\" alt=\"\" class=\"wp-image-76\" srcset=\"https:\/\/argacorp.com\/wp-content\/uploads\/2026\/04\/image.png 625w, https:\/\/argacorp.com\/wp-content\/uploads\/2026\/04\/image-600x318.png 600w, https:\/\/argacorp.com\/wp-content\/uploads\/2026\/04\/image-300x159.png 300w, https:\/\/argacorp.com\/wp-content\/uploads\/2026\/04\/image-380x201.png 380w\" sizes=\"auto, (max-width: 625px) 100vw, 625px\" \/><\/figure>\n\n\n\n<p>\u00c9stas funciones para control biom\u00e9trico, permitir\u00e1 dar o no acceso a un recurso (ambiente) para las personas.<\/p>\n\n\n\n<p>Finalmente, de acuerdo a las condiciones de cada ambiente, el colaborador acceder\u00e1 al recurso sin necesidad de tocar la puerta de acceso, dependiendo si \u00e9sta est\u00e1 acondicionada para abrir o cerrar de forma autom\u00e1tica.<\/p>\n\n\n\n<p>Por motivo del Covid-19 fue necesario instalar estos sistemas en las empresas y nuestra compa\u00f1\u00eda estuvo lista para colaborar con las empresas e instituciones. Hoy instalar estos sistemas es una realidad com\u00fan.<\/p>\n\n\n\n<p>Tenemos soluciones a medida de las necesidades de control dependiendo de los espacios de tr\u00e1nsito y el aforo que se quiere controlar. Por ello tenemos soluciones para:<\/p>\n\n\n\n<ul class=\"wp-block-list\">\n<li>Centros comerciales<\/li>\n\n\n\n<li>Supermercados\u00a0<\/li>\n\n\n\n<li>Tiendas por departamentos<\/li>\n\n\n\n<li>Hospitales<\/li>\n\n\n\n<li>Plantas industriales<\/li>\n\n\n\n<li>Centros empresariales<\/li>\n\n\n\n<li>Edificios corporativos<\/li>\n\n\n\n<li>Colegios y universidades<\/li>\n\n\n\n<li>Entidades de gobierno\u00a0<\/li>\n<\/ul>\n","protected":false},"excerpt":{"rendered":"<p>Hoy en nuestros tiempos cada vez requerimos m\u00e1s de herramientas que nos permitan garantizar que los recursos de las empresas sean utilizados por las personas autorizadas y en los momentos en que es requerido. Comienza como una manera de control, sin embargo, permite a las personas cumplir una labor en un lugar y tiempo determinado [&hellip;]<\/p>\n","protected":false},"author":1,"featured_media":0,"parent":0,"menu_order":0,"comment_status":"closed","ping_status":"closed","template":"","meta":{"footnotes":""},"class_list":["post-60","page","type-page","status-publish","hentry"],"_links":{"self":[{"href":"https:\/\/argacorp.com\/index.php?rest_route=\/wp\/v2\/pages\/60","targetHints":{"allow":["GET"]}}],"collection":[{"href":"https:\/\/argacorp.com\/index.php?rest_route=\/wp\/v2\/pages"}],"about":[{"href":"https:\/\/argacorp.com\/index.php?rest_route=\/wp\/v2\/types\/page"}],"author":[{"embeddable":true,"href":"https:\/\/argacorp.com\/index.php?rest_route=\/wp\/v2\/users\/1"}],"replies":[{"embeddable":true,"href":"https:\/\/argacorp.com\/index.php?rest_route=%2Fwp%2Fv2%2Fcomments&post=60"}],"version-history":[{"count":3,"href":"https:\/\/argacorp.com\/index.php?rest_route=\/wp\/v2\/pages\/60\/revisions"}],"predecessor-version":[{"id":78,"href":"https:\/\/argacorp.com\/index.php?rest_route=\/wp\/v2\/pages\/60\/revisions\/78"}],"wp:attachment":[{"href":"https:\/\/argacorp.com\/index.php?rest_route=%2Fwp%2Fv2%2Fmedia&parent=60"}],"curies":[{"name":"wp","href":"https:\/\/api.w.org\/{rel}","templated":true}]}}